+ 71. What are the prime factors of g?
5, 7
Let o(d) be the first derivative of -d**4/4 + 3*d**3 + 7*d**2 - 6*d + 2. List the prime factors of o(10).
2, 17
Suppose 4*d - 2*f = 0, -4*d - 4*f - f + 14 = 0. Suppose -4*x - 10 = -2*g, 4*x = g - 4 - d. Suppose -4*u - b = -9, x*u - b = u. What are the prime factors of u?
3
Let z(n) = 4*n - 27. What are the prime factors of z(19)?
7
What are the prime factors of 1180/(7 + -3) - 0?
5, 59
Let w be -1 + (1 - -2) - -3. Suppose w*s - 126 = 2*s. What are the prime factors of s?
2, 3, 7
Let r = -45 + 190. List the prime factors of r.
5, 29
Let y(d) be the third derivative of d**4/24 - d**3/6 - 3*d**2. Let q be y(4). Suppose f + 18 = q*f. What are the prime factors of f?
3
Suppose 18*n + 666 = 24*n. List the prime factors of n.
3, 37
Suppose -y - 5*g = 2*y - 122, 0 = -y + 5*g + 14. What are the prime factors of y?
2, 17
Let h be (1 + 3/(-2))*-6. Suppose -b = -2 - 0. Let d = b + h. What are the prime factors of d?
5
Let r = 71 - 50. List the prime factors of r.
3, 7
Suppose 2*x = -a + 2 - 1, 0 = 3*x + 2*a. List the prime factors of x.
2
Suppose -5*w + 22 = 4*d, 5*w - 4 = 2*d - 0. Suppose -3*c = -5*j + 62, -13 + 45 = 4*j + w*c. What are the prime factors of j?
2, 5
Suppose -2*o + 17 = -15. What are the prime factors of o?
2
Let w = -36 + 64. What are the prime factors of w?
2, 7
Let n = -11 + 5. Let o = -33 - -18. Let r = n - o. List the prime factors of r.
3
What are the prime factors of (241/(-4)*-2)/((-2)/(-4))?
241
Suppose -o + 108 = 3*s, 2*s - 3*s + 36 = 5*o. What are the prime factors of s?
2, 3
Suppose 2640 = -2*g - 3*g. Let h be g/9 - 2/(-3). List the prime factors of h/(-6) - 2/(-6).
2, 5
Let u be 32 + 7 - 3*1. Let f = -17 + u. What are the prime factors of f?
19
Suppose 173 + 95 = 4*d. What are the prime factors of d?
67
Let t(o) = 3*o**2 - 3*o - 26. What are the prime factors of t(-7)?
2, 71
Let b = 30 + -116. Let d be b/12 - (-7)/42. Let w = 11 + d. List the prime factors of w.
2
Suppose 22 = -4*i + 2*a, 0 = -5*i - 3*a - 12 + 1. What are the prime factors of (i + 3)/(2/(-86))?
43
Let i be (-1818)/(-13) + 4/26. List the prime factors of ((-2 + i)/(-3))/(-2).
23
What are the prime factors of 2 - -77 - (-4 - -3)?
2, 5
Let g = -47 + 211. List the prime factors of g.
2, 41
Suppose -13*m + 1068 + 4444 = 0. List the prime factors of m.
2, 53
Suppose 5*i - 13 = 7. Suppose 4*m + 24 = i*y, 3*m = -2*y + 3*y - 14. Suppose y*q = 4*o - 2*q - 20, -4*o = 3*q - 27. List the prime factors of o.
2, 3
Suppose 8 = -5*v - 7. Let b be ((-9)/15)/(2/(-30)). Let q = b + v. List the prime factors of q.
2, 3
Suppose -3*w + 48 = 2*w - 4*f, -w + 21 = 3*f. What are the prime factors of (-64)/w*(-15)/4?
2, 5
Let a(j) = j**2 + j + 15. What are the prime factors of a(-7)?
3, 19
Suppose x + 5*m = m - 11, 2*x + 2*m = -10. Let p = x - -10. Suppose -5*a = -4*a + 3*v - 19, -a = -3*v - p. What are the prime factors of a?
13
Let s(d) = 4*d**2 - 18*d - 2. What are the prime factors of s(7)?
2, 17
Let s(b) be the third derivative of 0*b - 5/24*b**4 - 1/2*b**3 - b**2 + 0. List the prime factors of s(-2).
7
Suppose 4*g + 2*d + 28 = 0, -2*g + 3*d = -2*d + 2. Let n = g - -8. Let o = n - -8. What are the prime factors of o?
2, 5
Suppose 127 + 8 = w. What are the prime factors of w?
3, 5
Suppose -x + 0*x = -f - 23, 0 = 4*x + f - 97. Suppose -x = z + 3*z. Let b = z + 8. What are the prime factors of b?
2
Suppose -5*h + 180 = 5*s, -5*h = -3*h + 5*s - 63. List the prime factors of h.
3, 13
Let f(h) = h - 18. Let k(v) = v - 17. Let s(w) = 5*f(w) - 6*k(w). Suppose -5*m + 41 = 11. List the prime factors of s(m).
2, 3
Let l = 766 - 446. What are the prime factors of l?
2, 5
Let i be 2 + (0/(-3))/(-1). What are the prime factors of 1/i*-4*-1?
2
Suppose -v - h - 2 - 2 = 0, 0 = 2*v - 5*h - 20. Let s(u) = -3*u + v*u + 2 - u + 6*u. What are the prime factors of s(7)?
2
Suppose 0*g = -7*g + 273. List the prime factors of g.
3, 13
Suppose 3*q + q = -4*y + 28, 3 = 5*y - 3*q. Let g(h) = -y + 5*h - 1 + 8 + h**2. What are the prime factors of g(-6)?
2, 5
Suppose -12 = -5*f + 2*f. Let b(g) = 3 + f - g**2 - 3 - g + 0. List the prime factors of b(0).
2
Let l(n) = -n**2 - 7*n + 340. What are the prime factors of l(0)?
2, 5, 17
Let h be 0/(-2 - (-2 - 1)). Suppose h = -3*f + 9, 5*f - 2*f = -m + 12. What are the prime factors of m?
3
Let r(b) be the first derivative of 6*b + 7/3*b**3 + 1 + 0*b**2 - 1/4*b**4. List the prime factors of r(7).
2, 3
Suppose -73 = -3*a + f + 291, -2*f + 232 = 2*a. What are the prime factors of a?
2, 3, 5
Let u(z) be the first derivative of -z**4/4 - 4*z**3/3 - z**2 + 2*z - 2. Let i be u(-3). Let d = i + 5. What are the prime factors of d?
2
What are the prime factors of (77/(-5 - -4))/(-1)?
7, 11
Let l(z) = -z**3 - 2*z**2 + 7*z + 6. List the prime factors of l(-4).
2, 5
Suppose 4*s - 2*q - 130 = -0*q, -20 = 4*q. List the prime factors of s.
2, 3, 5
Suppose 4*k - 25 = -k. Suppose k*x - 3*v = v + 24, -15 = -3*x + 3*v. Let g = 1 + x. List the prime factors of g.
5
Suppose v = 6*v - 85. What are the prime factors of v?
17
Let r = 2 + -20. Let q = r - -25. What are the prime factors of q?
7
Suppose 2*f - 2*d - 164 = 0, 5*d + 8 = d. Suppose -4*t + f = 3*p, -5*t - p = -55 - 45. List the prime factors of t.
2, 5
Suppose -30 = -5*c - 5*m, 0 = c + 7*m - 3*m - 3. Suppose c*i - 9*i + 22 = 0. List the prime factors of i.
11
What are the prime factors of 1*((168 - -3) + -1)?
2, 5, 17
Let u(k) be the third derivative of k**5/60 + k**4/12 - k**3/3 - 3*k**2. What are the prime factors of u(2)?
2, 3
Let o be 2/(1*(-2)/3). Let w(g) = 8*g**2 + 2*g - 1. Let v be w(o). Suppose 0 = 5*t - 2*d - 47 - 6, 5*t = 5*d + v. What are the prime factors of t?
3
Let c be (-2 - -3) + (-4)/(-2). Suppose -2*h = -c*h + 13. List the prime factors of h.
13
Let g = 79 + -40. List the prime factors of g.
3, 13
Suppose -4*w - 4*x + 16 = 0, 0*x - 4*x + 11 = -w. Suppose w = 2*p - 5. Let u = 5 - p. List the prime factors of u.
2
Let d(u) = -u**2 - 9*u - 5. Let k = -7 + 1. List the prime factors of d(k).
13
Suppose c - 3*v - 60 = 0, -v = -c - 0*c + 54. What are the prime factors of c?
3, 17
Suppose 3 - 15 = 4*i. Let f(q) = -8*q - 3. List the prime factors of f(i).
3, 7
Suppose -7*d + 4*d = -9. Suppose -d*w + w = -8. List the prime factors of w.
2
Let m = 22 + -7. List the prime factors of 25 + 5/(m/(-9)).
2, 11
Let z be 99/(-6)*(-20)/(-15). Let m = z - -52. What are the prime factors of m?
2, 3, 5
Suppose 5*s + 340 = 1165. List the prime factors of s.
3, 5, 11
Suppose -45 = -6*r + 3*r. Suppose 5*y = r, 0*j + 3*y + 12 = 3*j. List the prime factors of j.
7
Let s(f) = -4*f**2. Let r be 1 + -2 + 1 + -1. Let p be s(r). Let w = 5 - p. What are the prime factors of w?
3
Let y be -10*(1376/20)/(-4). Suppose -26*v + y = -22*v. List the prime factors of v.
43
Let u be (-70)/(-30) - 1/3. Let z(i) be the third derivative of i**4/12 - i**3/3 + i**2. What are the prime factors of z(u)?
2
Let h be 32/14 + (-4)/14. Let q = -3 + 3. Suppose 0 = -3*i - c + 33, -2*i - h*c + 18 = -q*i. List the prime factors of i.
2, 3
Let n be ((-2)/3)/(9/(-81)). Suppose -n*t = -t - 145. What are the prime factors of t?
29
Suppose -3*g + 4*a = -86, 0 = 5*g - 0*a - a - 115. Suppose l - g = 13. What are the prime factors of l?
5, 7
What are the prime factors of 2/6 - 1824/(-36)?
3, 17
Suppose 0 = -4*i, 2*i + 6 = 2*h + i. List the prime factors of 32/(12/h)*2.
2
Let d(t) = t**2 + 4*t + 2. List the prime factors of d(-4).
2
Let f(y) = -y**3 + 2*y - 1. Let v be f(-2). Suppose -19 = -2*h - m + 24, -5*h = -v*m - 91. What are the prime factors of h?
2, 5
Suppose 0 = 4*x + 3*o + 99, -5*o - 14 = 3*x + 63. Let r = 27 + x. What are the prime factors of r?
3
Let n(y) = -2 + 2 - 3 + 6*y. List the prime factors of n(3).
3, 5
Suppose 4*v - 1 = -9. Let p be 0 - (8/(-2))/v. List the prime factors of 0 - p - (2 + -5).
5
Let a = -223 - -411. List the prime factors of a.
2, 47
Let r = -15 + 3. Let k = r + 30. List the prime factors of k.
2, 3
Suppose -19 = -2*r + 31. List the prime factors of r.
5
Suppose -2 + 10 = 4*m. Let l be 99/6 - m/4. Suppose 2*g = 4*g - l. List the prime factors of g.
2
Let k = 5 - 2. Suppose 30 = -k*z + 5*z. List the prime factors of z.
3, 5
Let q = -1 + -1. Let y be -2*(1 + q/1). Suppose -5*h = -y*h - 18. List the pri